ivided by 11?
10
Suppose 3*l - l + 15 = 5*u, -3*l = -5*u + 15. Suppose u*r - 3*y = -9, 5*r + 5*y - 7 + 72 = 0. What is the remainder when 40 is divided by 1/2 + (-108)/r?
12
Let i = -7 + 37. What is the remainder when i is divided by 9?
3
Suppose -2*x + 6 = 2*r, r + 4*r = -4*x + 11. What is the remainder when 13 is divided by x?
1
Let m(n) = n**2 + 7*n - 8. What is the remainder when 25 is divided by m(-9)?
5
Let u = -2 - 2. Let v(s) = -8*s**2 - 11. Let z(j) = -j**2 - 1. Let l(q) = -v(q) + 6*z(q). Calculate the remainder when l(u) is divided by 19.
18
Suppose i - 1 = -4*d + 13, -4*i = 8. Suppose -5 = d*n - 33. What is the remainder when 19 is divided by n?
5
Suppose -19 = 3*x + 23. Let u = 46 + x. What is the remainder when u is divided by 11?
10
Let n(o) = -4*o - 39. Calculate the remainder when 33 is divided by n(-11).
3
Suppose 5*g - 2 = 4*f + 10, g - 2*f - 6 = 0. Suppose d - 22 = -g*d. What is the remainder when 64 is divided by d?
20
Let l = -11 - -11. Suppose l = 13*a - 16*a + 39. What is the remainder when 49 is divided by a?
10
What is the remainder when (1 - (3 - 7))*7 is divided by 9?
8
Calculate the remainder when 67 + (-4)/((-16)/(-12)) is divided by 22.
20
Suppose -4*l = -3*d, -4*l = d + 3*d - 28. Suppose -3*b - 16 = -d*b. What is the remainder when 46 is divided by b?
14
Let x = 10 - 9. What is the remainder when (-17 - 5)*x/(-2) is divided by 6?
5
Let w(k) = k**3 - 7*k**2 + 7*k + 5. Let s be w(6). Suppose -s = -l + 9. Let n = -9 + l. What is the remainder when 21 is divided by n?
10
Suppose 0*q + 3*q = 18. Let u = 0 + 4. Suppose 42 = u*o - 4*t + 2*t, 5*t = -5. What is the remainder when o is divided by q?
4
Let o = -22 + 33. What is the remainder when 18 is divided by o?
7
Let t(c) = c**3 - 5*c**2 + 5*c + 4. Calculate the remainder when 14 is divided by t(4).
6
Let w(n) = 2*n**3 - 3*n**2 - n + 4. Calculate the remainder when w(3) is divided by 10.
8
Let z = -4 + 8. Let i be ((-2)/(-6))/(z/12). Let a = 0 + i. Calculate the remainder when 1 is divided by a.
0
Let s(r) = 5*r - 47. Calculate the remainder when s(11) is divided by 6.
2
Suppose 0 = m - 13 + 10. Calculate the remainder when 14 is divided by m.
2
Suppose -4*l + 4*m = 3*m - 29, -l = -5*m - 31. What is the remainder when 16 is divided by l?
4
Suppose -5*c = -1 - 9. Suppose -c*q - 3*q = 5*l - 15, 5*q = -l + 7. What is the remainder when ((-7)/2)/q*-2 is divided by 4?
3
Suppose 4*j - 30 = -j. Suppose -h - 85 = -j*h. What is the remainder when h is divided by 9?
8
Suppose 5*b = 5*f, -5*b = -4*b. Suppose -d + 5*g + 33 = f, 53 = 2*d + 3*g + 13. Calculate the remainder when d is divided by 18/(-1)*2/(-3).
11
Suppose -3*o + 16 = o. Suppose 3*u - 2*u - 4*g - 17 = 0, o*u - 12 = 2*g. Let t = 3 + u. Calculate the remainder when 14 is divided by t.
2
Let y(h) = -h**2 + 9*h. Let j be y(10). Let b = j - -5. Let o(a) = a**3 + 6*a**2 + 3*a + 7. Calculate the remainder when 50 is divided by o(b).
16
What is the remainder when (36/10)/((-18)/(-135)) is divided by 10?
7
Let a(o) = 2*o**3 + 12*o**2 - 15*o - 15. Calculate the remainder when a(-6) is divided by 27.
21
Let d be (-414)/(-12) - (-2)/(-4). Let r = 4 + 56. Let o = r - d. What is the remainder when o is divided by 9?
8
Suppose 4*i - 3*r + 8 = -83, -4*i - 92 = -4*r. Suppose 0*t + 3*t - 14 = -p, -2*p - 2*t + 48 = 0. What is the remainder when p is divided by -1 - 4/(8/i)?
9
Let t = 29 + -24. Calculate the remainder when t is divided by 4.
1
Let t = 5 - 0. Suppose 7*i - 4*i + 5*g - 14 = 0, t*i + 2*g = 55. Calculate the remainder when 37 is divided by i.
11
Suppose -2*u = 5*a - 30, 0*u - 2*a - 17 = -5*u. Suppose 30 = 3*b - 9. What is the remainder when b is divided by u?
3
Let r be 3 + 2/(-4)*0. Suppose r*o + o = 32. Calculate the remainder when 3/((3/5)/3) is divided by o.
7
Let h(a) = a**3 - 20*a**2 - 22*a + 28. Calculate the remainder when 38 is divided by h(21).
3
Suppose 2*m - 49 = 17. Calculate the remainder when 130 is divided by m.
31
Suppose -4*g + 41 = y, -2*y - 4*g + 39 = -55. What is the remainder when 103 is divided by y?
50
Suppose 2*f = 2*h - 26, h = -20*f + 25*f + 17. What is the remainder when 2 - (-14)/4*16 is divided by h?
10
Let p be -3 + 4 - (0 - -1). Let j(f) = -f**2 + f + 8. What is the remainder when 22 is divided by j(p)?
6
Let a(y) = -2*y + 0*y + 0 - 5. Suppose 0 = 4*s - 8, -3 = 2*g + s - 13. Calculate the remainder when a(-6) is divided by g.
3
Let b = 18 - 14. Suppose -b*t + 60 = -2*t. Suppose u - 40 = -4*u. What is the remainder when t is divided by u?
6
Let r = -53 - -67. Calculate the remainder when 68 is divided by r.
12
Let r = -1 + 0. Let g(x) = -27*x + 1. What is the remainder when g(r) is divided by 15?
13
Let t(w) = 3*w + 6. Calculate the remainder when 81 is divided by t(5).
18
Let v = 31 + -46. Let f be 2/3 - 125/v. Calculate the remainder when (-6)/(f/(-12) - 0) is divided by 3.
2
Let v(t) = -t**3 + t**2 + t + 3. Let r = -21 - -21. Suppose -5*n + 5*o + 0*o + 55 = 0, 3*o = r. What is the remainder when n is divided by v(0)?
2
Suppose 0 = 3*k - 4*k + 45. Suppose 18*s = 13*s + k. What is the remainder when s is divided by 3?
0
Let j be ((-112)/10)/(-4)*25. Let p = j + -42. Calculate the remainder when p is divided by 8.
4
Suppose 7*j - 370 = 211. Calculate the remainder when j is divided by 28.
27
Let a = 22 - 42. Let p = 8 + a. What is the remainder when p/((6/5)/(-3)) is divided by 16?
14
Suppose -15 = -5*y + 10. Calculate the remainder when 24 is divided by y.
4
Let v be (-10)/1 + (-3)/(-3). Calculate the remainder when 11 is divided by v/(-6) + (-10)/(-4).
3
Let x(u) = -7*u. What is the remainder when x(-2) is divided by 4?
2
Let v(i) = -3*i - 8. What is the remainder when v(-7) is divided by 5?
3
Calculate the remainder when 38 + (-4 - -5) - 4 is divided by ((-3)/2)/((-3)/36).
17
Let h = -13 - -28. Let y = -1 + h. Let f(u) = -u - 1. What is the remainder when y is divided by f(-6)?
4
Let y = 30 - -23. Calculate the remainder when y is divided by 9.
8
Suppose 436 = 5*d + 4*f, 2*f = 3*d - 3*f - 232. Let r = -28 + d. Suppose r = 2*h - 8. Calculate the remainder when h is divided by 17.
15
Let o(i) = i + 3. Let t be o(-2). Suppose 0 = -3*p + 4*d + 35, -2*d - 9 = t. What is the remainder when 17 is divided by p?
2
Suppose -75 = -5*p - 3*j, 3*p - 2*j - 69 = j. What is the remainder when 11 is divided by (-7)/3*p/(-6)?
4
Let f(y) = -y + 15. Let c be f(12). Suppose 4*i + 2*g = -c*g + 85, i + 10 = 5*g. Calculate the remainder when 43 is divided by i.
13
Suppose 0 = -4*k - k - 90. Let u(d) = -d + 31. Let q be u(0). Let l = q + k. What is the remainder when 37 is divided by l?
11
Suppose -2*n = 6, -3*s - 5*n - 777 = -2*n. What is the remainder when (-22)/(-55) + s/(-10) is divided by 1/(2/18) + 0?
8
Suppose -4*a = -x + 32, 0*x - 3*a = 2*x - 42. What is the remainder when 93 is divided by x?
21
Suppose -2*y - 4*w + 42 = 0, 5*y - 6*y + 30 = 5*w. What is the remainder when 57 is divided by y?
12
Suppose -5*x - 66 = -241. Suppose -2*t = 4*v - 60, 2*t - 69 = -5*v + t. What is the remainder when x is divided by v?
9
Let x = -295 - -167. Let i = -70 - x. What is the remainder when i is divided by 20?
18
What is the remainder when 12 is divided by 2*2*28/16?
5
Let l = -2 + 53. What is the remainder when 149 is divided by l?
47
Let h(k) = -k**3 - 14*k**2 - 14*k - 2. Calculate the remainder when 43 is divided by h(-13).
10
Let j = 293 - 113. Suppose 0 = 4*b - j - 16. Calculate the remainder when b is divided by 13.
10
Suppose -2*v - 46 = -4*f, 4*f - f = -3*v + 48. Let g = 3 - f. Let w = 23 + g. Calculate the remainder when 50 is divided by w.
11
Suppose -3 = q - 12. What is the remainder when 35 is divided by q?
8
Let o = 109 - 27. Calculate the remainder when o is divided by 28.
26
Let q be (-1)/(-3) - (-77)/3. Let a = -10 + q. What is the remainder when 30 is divided by a?
14
Let u = 209 + -201. What is the remainder when 183 is divided by u?
7
Let i(c) = 2*c**2 - 2*c - 5. Suppose f - 2 = 5*m, 4*m - 4 = -m - 2*f. Suppose x - 3 - 4 = m. What is the remainder when i(4) is divided by x?
5
Let r(t) = 2*t**2 - 5*t - 3. Suppose v - 2 - 3 = 0. Suppose -i - 3 + 5 = b, -25 = -v*b. What is the remainder when r(i) is divided by 16?
14
Let d = 131 + -126. Let k(l) = l**3 + l**2 - 3*l + 2. Let g = -3 + 5. What is the rema